 - 5) + (297 - 308)?
-29
What is (-15 + 39 - (30 + 1)) + -13?
-20
19 + -9 + (-122 + 64 - (-2 + 6))
-52
What is the value of 169 + (-42 + 48 - 88)?
87
Calculate -62 + -3 - -21 - (0 - -6).
-50
What is the value of 14 + 1 - ((-93 - -41) + 51)?
16
526 - 528 - (-80 + 18)
60
What is the value of 21 + (-20 - -20) + 17 + -8?
30
What is -2 - -13 - (-324 + 387)?
-52
What is -92 + 63 + 2 + -10 + -33 + 51?
-19
56 - (0 + 1) - (-1 - (24 + (13 - 46)))
47
Evaluate (-4 - (-8 - (3 + -3) - 9)) + -127.
-114
What is (-4 + -1 - -82) + 3 - (-34 + (45 - 22))?
91
Evaluate -47 - -19 - ((-3 - 3) + -12).
-10
Evaluate (-13 + 60 - 1) + (-9 - (5 + -13)).
45
What is the value of 30 + -36 + 27 - 15 - -26?
32
1 + 24 + (54 - 0) + -67
12
Evaluate (195 - (-13 + 144)) + -102.
-38
What is the value of -58 + 0 - (8491 + -8489)?
-60
Calculate -50 - -61 - (-14 - (-20 + 15)).
20
What is -3 + -23 - (17 + -20 + 1)?
-24
Calculate 138 + -148 + -5 + -35 + 7.
-43
-19 + 1 + -532 + 540
-10
What is 29 + -10 + (11 - 23) + -66 + -3 + -6?
-68
What is the value of -7 + -25 + 26 - (-15 - 0)?
9
Evaluate -17 - (46 - 14 - -1 - 13 - 12).
-25
Evaluate -3 - (-3 + -3) - (1016 + -1058).
45
-58 - (85 - (87 - -10))
-46
(-3 - -5) + -49 - (11 + (-6 - 11))
-41
What is 42 + (6 - (-3 + -1 + -5 - (-130 - -126)))?
53
What is the value of 32 - (21 + -66 + 68)?
9
Evaluate 54 - (22 - (-40 - -46)).
38
What is 39 + 69 + -12 + (4 - 1) + 9?
108
What is (2 - 7) + 11 + 6 + 1 + -16?
-3
Calculate 8 - (3 + 1 + (121 - 125)) - (-3 - 44).
55
What is the value of -8 + (-1 - 5) - (427 - 526)?
85
What is the value of 74 - (-10 + -40 + 14 + 24)?
86
Evaluate -1 - 2 - (-3047 - -2969).
75
What is 56 + (47 - (21 + 60))?
22
-101 + (48 - (61 + (-25 - 3)))
-86
What is 2426 + -2385 + 2 + -25?
18
What is -17 + (107 - 100 - (53 - (5 + 3)))?
-55
What is the value of -7 + (-8 - 15 - (9 + 7 + -11))?
-35
What is -83 - (-136 + 133 + 35)?
-115
What is the value of -57 + -38 + (35 - 25) + -11?
-96
What is the value of 14 + 12 + (15 - 23) - 49?
-31
What is the value of -107 + -1 - (54 - -33 - (132 + -54))?
-117
-26 + 87 + 12 + -57
16
What is the value of (-7 - (-3 + (0 - 11))) + (1 - 56)?
-48
57 - (-23 + (0 - -20) + 5)
55
What is the value of (336 - 311) + 7 + -5 + 13?
40
What is the value of 56 - 16 - (-34 + 118 - 136)?
92
Evaluate (-28 - (15 - 34)) + 4 + 1 - -1 - 55.
-58
Evaluate -285 + 378 + (-1 - 28).
64
Evaluate 0 + (-19 - -2) + -21 + -49 + 26.
-61
Evaluate -14 + 0 - (45 - 30 - -2 - 56).
25
(-3 - -10 - (13 + -3 + -11)) + -8
0
What is the value of 7 + (8 + -19 + (5 - (-3 - -9)) - -3)?
-2
What is (-3 - (4 + -15) - -60) + -27?
41
(44 - -1) + (-112 - -68) - -43
44
Evaluate 12 + -32 + (2 - 23) - 13.
-54
Evaluate 54 - 27 - 7 - (38 - -2).
-20
(-64 - -78) + 71 + (-10 - 6)
69
Calculate (12 - (-17 + 66)) + 7.
-30
What is the value of 1 + 41 + (-1964 - -1969)?
47
67 + (2182 + -2220 - (-1 + -35))
65
What is the value of (45 - (-4 + 2)) + -123 + (117 - 3)?
38
Calculate 125 + (-167 - -133) - 161.
-70
Evaluate (3 - 0 - (-354 + 338)) + -22.
-3
Calculate 1 + -55 + (-14 + 0 - (-1143 - -1132)).
-57
0 + (-24 + (5 - -4) - -8) + -35 + -7
-49
Evaluate -69 + (35 - (8 + -36)).
-6
Calculate -16 + 11 + (7 - 53 - (-5 - (-2 - -4))).
-44
-3 + 13 - (11 - 3) - 12 - (-65 - 0)
55
(2376 - 2335) + (1 - 54)
-12
Calculate (2 - (3 - 26)) + (37 - 49) - 44.
-31
Evaluate -39 - (47 - 84) - 30.
-32
What is -37 + -2 + (759 - 697)?
23
What is the value of ((-80 - -8) + 18 - -20) + 37?
3
Calculate -7 + (-1 - (-3 + 1) - (-632 - -696)).
-70
-86 + -5 + 19 - ((1 - (5 - -3)) + 8)
-73
Calculate -50 + -182 + 118 - -87.
-27
Evaluate -5 - -40 - (26 + -3) - 36.
-24
What is -5 + 3 + 16 - 27 - 5?
-18
(9 - 3 - 145) + -14 + -11 + 34
-130
What is the value of (1 - -15) + (-71 + -7 - (-14 + 4))?
-52
Evaluate (-1 - -56) + (-222 - (-47 - 160)).
40
Calculate (8 - ((2 - 43) + -1 + -1)) + 9 + 1.
61
Evaluate (-9 - ((-12 - -2) + -9) - (15 - 0)) + 60.
55
Evaluate (41 - (20 - -1) - 10) + -46.
-36
(1 + -20 - -16 - (1 - 20)) + -11
5
Evaluate (0 - (-3 + (-5 - -3))) + (189 - 197).
-3
Calculate 3 - (-4 - (8 - (8 - (-72 + -3 + -7)))).
-75
What is -221 + (-11 - (10 + -128))?
-114
What is the value of -19 - ((7 - -24 - 19) + -27)?
-4
Calculate -8 - -2 - (-16 + 2 + (29 - -31) + -28).
-24
What is the value of (0 - 5) + (-25 - -14) + (-13 - -50)?
21
Evaluate 8 + (-15 - (-4 - (36 + 0))) + 10 + -2.
41
62 + (0 + 12 - (-207 - -221)) + 6
66
What is the value of 6 + (28 - 31) + 45?
48
What is the value of 3 + -19 + 7 + 27 + 1?
19
Calculate (83 - 0) + (-8778 - -8644).
-51
What is the value of -34 + -119 + 313 + -69?
91
Evaluate 3 + (-12 - (13 + -16 + -7)) + -6.
-5
Calculate -34 + (54 - -11 - (45 + -23)).
9
What is (21 - 39) + 10 + -3 + (-57 - 1)?
-69
Calculate (1 - -17) + (14 - (0 + 20 + -2)).
14
What is -3 + -8 + -18 - (27 + 24)?
-80
What is -35 - (-87 + (41 - 32))?
43
Evaluate (5 - -3) + (1 - 52) + -194 + 180.
-57
(10 - 32 - 16) + 7
-31
What is -2 - -55 - (-1452 + 1435)?
70
27 + 15 - (-17 + 95)
-36
-10 - (2 - (36 + -21)) - -17
20
Calculate -7 + 49 + -17 - 20 - 6.
-1
1339 + -1416 + (4 - -75)
2
What is (-3 - 8) + 104 + -122?
-29
What is -1 + 41 - (-16 - (-15 + (-13 - -5) - -9))?
42
Evaluate 1 + (0 - (16 - 50)) + 15 + 18 + -7.
61
What is the value of 47 - (-26 - (-3 - 35) - 47)?
82
Evaluate (1 - (5 + 1)) + 9 + (-7 - -6) - -37.
40
(-2 + 1 - 3 - (2 - 67)) + (-3501 - -3505)
65
What is (-30 - (-17 + 13)) + (-36 - -35)?
-27
Evaluate (-3 - -25) + (7 - 25 - 2) - 60.
-58
Calculate 34 - ((0 - -37) + 293 + -314).
18
Evaluate 114 + 13 + -46 + -8.
73
Evaluate 28 + -2 - (54 - -10).
-38
What is -5 + 48 - ((209 - 79) + -36)?
-51
Evaluate (32 - (3 - -21)) + -60.
-52
What is ((-42 - -39) + -8 + 3 - 10) + -14?
-32
What is -1 + 65 + (3 - (30 + -14)) - 3?
48
What is -54 + (271 - 71) + -30 + 8?
124
What is 12 + -3 + (-27 - -17 - ((1 - 13) + 7))?
4
What is -27 + (2 - 5) + 314 + -279?
5
Calculate 22 - (-402 - -441 - (-29 - -1)).
-45
(-56 - (-2 + 2)) + 11 + 5 + 4 + -14
-50
What is -17 + 6 + (-51 - -175) - 22?
91
1 + 12 + -4 + -11 + -102 + -2
-106
Evaluate -2165 - -2153 - (0 - 59).
47
Evaluate (2 + 12 - -3) + -4444 + 4400.
-27
32 - (-141 - -128 - (-18 + 2) - -6)
23
Calculate (27 - 2) + (19 - (45 + -34)) + -2 + 2.
33
-4 - (-1 + -6 + 1 + 1245 + -1247)
4
1 - 8 - (-4943 + 4953)
-17
-1 + (5 - (3 + -6)) - (2045 + -1994)
-44
Evaluate 10 + -34 - (-30 + 4 + 10).
-8
Evaluate 108 + (-24 - 53) + 27.
58
What is the value of (76 - 48) + 14 - 76?
-34
5 + -13 - (117 - 217) - 18
74
What is the value of 42 + (7 - (-3 + 2))?
50
What is the value of 70 + -125 + -35 + 73?
-17
Evaluate (-3 - ((7 - -2 - 5) + (-10 - -13))) + 1.
-9
What is the value of -83 + (15 - (10 - -5 - 4)) + -19?
-98
10 + (-120 - -5) + 41
-64
Evaluate -1 - 45 - (-85 - -16).
23
Calculate 8 + -5 - (1 - 4 - (-8 + 59 - -3)).
60
Calculate 7 + (-21 + (0 - -20) - 3).
3
What is 5 + -3 + -138 + (29 + -28 - -2) - -13?
-120
What is (18 - 24) + 4 - -24?
22
What is -70 + 12 - (-16 + (1 - 5))?
-38
(-300 - -378) + -22 + 31
87
(-1 - 9) + 4 + 27 + 25 + -1
45
-86 + 19 - (-2 + -7 + 26 + -13)
-71
What is the value of (85 - (-17 + 17)) + (-15 - -33) + -6?
97
Evaluate 1 - -7 - (18 - 8) - (81 + 14 + -15).
-82
0 + -3 + -8 + (-19 - -27) - (19 + -26)
4
Calculate -77 + 50 + 31 + -18 + -30.
-44
-19 + -4 - (-11 + 16 + -2 + (-2 - 3))
-21
-30 - -25 - (-58 - 61)
114
What is -16 + 1 - ((0 - -103) + (-40 - -11 - -42))?
-131
Calculate (-2 - -23 - (158 - 146)) + -7.
2
Calculate -37 - (-6 + 10 + -5 + 1 + (-37 - -33)).
-33
What is the value of 6 - (35 + (45 - 26) + -15)?
-33
Evaluate (6 - 18 - -2) + -3 + (6 - 27).
-34
Evaluate 10 + (-113 - -26) + 1 + 14.
-62
17 + -64 + -1 - -14
-34
What is (0 - 0) + 24 + -30 + 16 + -6 - 26?
-22
Evaluate 23 - (-86 + (197 - 112)).
24
-104 + (-9 + 13 + 5 - (-5 - 2) - 0)
-88
What is the value of -6 + (23 - (-2 - -7)) + (12 + -4 - -10)?
30
Calculate -45 + (121 - 48) + 63.
91
Calculate (10 - 5) + (90 + -6 - (32 - 27)).
84
(2 - -60) + -188 + 125
-1
What is -33 + 5 + 34 + -2 + 24?
28
Calculate (9 - 1) + (26 - 17 - -3 - (37 - 0)).
-17
Calculate -57 + (-7 - (-25 - -6) - (10 - 8)).
-47
Evaluate 3 - (3 - -6 - (236 + -249)).
-19
-134 + (118 - -65) + -40
9
What is (79 - 47) + 53 + (6 - 3) + 0 + -11?
77
Evaluate 6844 + -6886 + (-2 - -9 - (-3 - -1)).
-33
Calculate 0 + (1 - 1) + (11 - (-5 - -4 - -14)).
-2
Calculate 11 + (-15 - 7